{"id":856,"date":"2018-01-10T11:29:42","date_gmt":"2018-01-10T10:29:42","guid":{"rendered":"http:\/\/www.kaemsoft.de\/CMW\/?page_id=856"},"modified":"2018-01-13T19:36:06","modified_gmt":"2018-01-13T18:36:06","slug":"videoeinstellungen","status":"publish","type":"page","link":"https:\/\/www.kaemsoft.de\/CMW\/videoeinstellungen\/","title":{"rendered":"Videoeinstellungen"},"content":{"rendered":"<div data-label=\"Overlappable\" data-id=\"overlappable-1\" data-export-id=\"overlappable-1\" data-category=\"overlappable\" class=\"overlappable-1 content-section content-section-spacing\" data-overlap=\"true\" id=\"overlappable-1\" style=\"background-color: #ffffff;\">\r\n<div class=\"gridContainer\">\r\n<div data-type=\"row\" class=\"row shadow-medium flex-grow\">\r\n<div data-type=\"column\" class=\"col-xs-12 col-sm-4 bg-color2 col-padding col-padding-small-xs inverted\">\r\n<p class=\"\" style=\"text-align: center;\"><div class=\"ptsTableFrontedShell\">\r\n\t<!-- Style to display all tables correct-->\r\n\t<!-- this block will be remove in frontend.tables.editor.block.base after init -->\r\n\t<div class=\"ptsPreDisplayStyle\">\r\n\t\t<style>\r\n\t\t\t.ptsBlock {\r\n\t\t\t\topacity: 0;\r\n\t\t\t\tvisibility: hidden;\r\n\t\t\t}\r\n\t\t<\/style>\r\n\t<\/div>\r\n\t<div id=\"ptsBlock_321317\" data-original-id=\"3\" class=\"ptsBlock \" data-id=\"9\">\n\t\t\t<style type=\"text\/css\" class=\"ptsBlockStyle\">#ptsBlock_321317 {  width:100%;}\n#ptsBlock_321317 .ptsCol {  \t\twidth:50%;  transition: box-shadow 0.25 ease 0;\n}\n#ptsBlock_321317 .ptsColHeader,\n#ptsBlock_321317 .ptsColDesc {\n\tpadding: 10px;\n}\n#ptsBlock_321317 p {\n\tmargin: 0;\n}\n#ptsBlock_321317 .ptsCell,\n#ptsBlock_321317 .ptsColFooter {\n\tpadding: 10px 0;\n}\n#ptsBlock_321317 .ptsColHeader {\n\tbackground-color:#383838; \/* background color for non-css3 browsers *\/\n\t\/* gradient *\/\n  background-image: linear-gradient(top,#424242,#2b2b2b); \/* W3C *\/\n\tfilter: progid:DXImageTransform.Microsoft.gradient(startColorstr='#424242', endColorstr='#2b2b2b'); \/* IE5.5 - 7 *\/\n\t-ms-filter: progid:DXImageTransform.Microsoft.gradient(startColorstr='#424242', endColorstr='#2b2b2b'); \/* IE8 *\/\n\tbackground: -ms-linear-gradient(top,#424242,#2b2b2b); \/* IE9 *\/\n  background: -moz-linear-gradient(top,#424242,#2b2b2b); \/* Firefox *\/ \n\tbackground: -o-linear-gradient(top,#424242,#2b2b2b); \/* Opera 11  *\/\n\tbackground: -webkit-linear-gradient(top,#424242,#2b2b2b); \/* Chrome 11  *\/\n\tbackground: -webkit-gradient(linear, left top, left bottom, color-stop(0,#424242), color-stop(1,#2b2b2b)); \/* Chrome 10, Safari *\/\n  \n  \tborder-bottom: 1px solid#1a1a1a;\n}\n#ptsBlock_321317 .ptsColDesc {\n\tbackground-color:#383838; \/* background color for non-css3 browsers *\/\n\t\/* gradient *\/\n  background-image: linear-gradient(top,#333333,#1a1a1a); \/* W3C *\/\n\tfilter: progid:DXImageTransform.Microsoft.gradient(startColorstr='#333333', endColorstr='#1a1a1a'); \/* IE5.5 - 7 *\/\n\t-ms-filter: progid:DXImageTransform.Microsoft.gradient(startColorstr='#333333', endColorstr='#1a1a1a'); \/* IE8 *\/\n\tbackground: -ms-linear-gradient(top,#333333,#1a1a1a); \/* IE9 *\/\n  background: -moz-linear-gradient(top,#333333,#1a1a1a); \/* Firefox *\/ \n\tbackground: -o-linear-gradient(top,#333333,#1a1a1a); \/* Opera 11  *\/\n\tbackground: -webkit-linear-gradient(top,#333333,#1a1a1a); \/* Chrome 11  *\/\n\tbackground: -webkit-gradient(linear, left top, left bottom, color-stop(0,#333333), color-stop(1,#1a1a1a)); \/* Chrome 10, Safari *\/\n  \n  \tborder-top: 1px solid#474747;\n}\n#ptsBlock_321317 .ptsCell:nth-child(odd) {\n\tbackground-color:#e7e7e7;\n}\n#ptsBlock_321317 .ptsCell:nth-child(even) {\n\tbackground-color:#ffffff;\n}\n#ptsBlock_321317 .ptsCol:nth-child(odd) .ptsCell:nth-child(odd) {\n\tbackground-color:#d3d3d3;\n}\n#ptsBlock_321317 .ptsCol:nth-child(odd) .ptsCell:nth-child(even) {\n\tbackground-color:#e7e7e7;\n}\n#ptsBlock_321317 .ptsColFooter {\n \tbackground-color:#c4c4c4; \/* background color for non-css3 browsers *\/\n\t\/* gradient *\/\n\tbackground-image: linear-gradient(top,#e2e2e2,#a6a6a6); \/* W3C *\/\n\tfilter: progid:DXImageTransform.Microsoft.gradient(startColorstr='#e2e2e2', endColorstr='#a6a6a6'); \/* IE5.5 - 7 *\/\n\t-ms-filter: progid:DXImageTransform.Microsoft.gradient(startColorstr='#e2e2e2', endColorstr='#a6a6a6'); \/* IE8 *\/\n\tbackground: -ms-linear-gradient(top,#e2e2e2,#a6a6a6); \/* IE9 *\/\n\tbackground: -moz-linear-gradient(top,#e2e2e2,#a6a6a6); \/* Firefox *\/ \n\tbackground: -o-linear-gradient(top,#e2e2e2,#a6a6a6); \/* Opera 11  *\/\n\tbackground: -webkit-linear-gradient(top,#e2e2e2,#a6a6a6); \/* Chrome 11  *\/\n\tbackground: -webkit-gradient(linear, left top, left bottom, color-stop(0,#e2e2e2), color-stop(1,#a6a6a6)); \/* Chrome 10, Safari *\/\n  \n\tborder-top: 1px solid#d3d3d3;\n}\n#ptsBlock_321317 .ptsActBtn:hover {\n\t background-color:#b0b0b0; \/* background color for non-css3 browsers *\/\n\t\/* gradient *\/\n\tbackground-image: linear-gradient(top,#cecece,#929292); \/* W3C *\/\n\tfilter: progid:DXImageTransform.Microsoft.gradient(startColorstr='#cecece', endColorstr='#929292'); \/* IE5.5 - 7 *\/\n\t-ms-filter: progid:DXImageTransform.Microsoft.gradient(startColorstr='#cecece', endColorstr='#929292'); \/* IE8 *\/\n\tbackground: -ms-linear-gradient(top,#cecece,#929292); \/* IE9 *\/\n\tbackground: -moz-linear-gradient(top,#cecece,#929292); \/* Firefox *\/ \n\tbackground: -o-linear-gradient(top,#cecece,#929292); \/* Opera 11  *\/\n\tbackground: -webkit-linear-gradient(top,#cecece,#929292); \/* Chrome 11  *\/\n\tbackground: -webkit-gradient(linear, left top, left bottom, color-stop(0,#cecece), color-stop(1,#929292)); \/* Chrome 10, Safari *\/\n}\n#ptsBlock_321317 .ptsActBtn {\n\tdisplay: inline-block;\n  \tpadding: 4px 20px;\n  \tborder: 1px solid#979797;\n  \twidth: 80%;\n  \tborder-radius: 3px;\n}\n\n#ptsBlock_321317 .ptsActBtn .ptsEditArea {\n\tcolor: #444;\n  \tfont-size: 10pt; \n  \tfont-weight: bold;\n  \ttext-decoration: none !important;\n  \tborder: none !important;\n\twidth: 100%;\n}\n#ptsBlock_321317 .ptsCol:first-of-type .ptsColHeader {\n\tborder-top-left-radius: 5px;\n}\n#ptsBlock_321317 .ptsCol:last-of-type .ptsColHeader {\n\tborder-top-right-radius: 5px;\n}\n#ptsBlock_321317 .ptsCol:first-of-type .ptsColFooter {\n\tborder-bottom-left-radius: 5px;\n}\n#ptsBlock_321317 .ptsCol:last-of-type .ptsColFooter {\n\tborder-bottom-right-radius: 5px;\n}\n#ptsBlock_321317 .ptsColFooter a {\n\tcolor: #444444;\n  \ttext-decoration: none !important;\n}\n#ptsBlock_321317 .ptsTableDescCol {}\n#ptsBlock_321317 .ptsCol .ptsTableElementContent,\n#ptsBlock_321317 .ptsCol .ptsTableElementContent span {\n\ttransition: box-shadow 0.3s ease, margin 0.3s ease, font 0.3s ease;\n  \t-webkit-transition: box-shadow 0.3s ease, margin 0.3s ease, font 0.3s ease;\n    -moz-transition: box-shadow 0.3s ease, margin 0.3s ease, font 0.3s ease;\n    -ms-transition: box-shadow 0.3s ease, margin 0.3s ease, font 0.3s ease;\n    -o-transition: box-shadow 0.3s ease, margin 0.3s ease, font 0.3s ease;\n}\n#ptsBlock_321317 .ptsCol.hover .ptsTableElementContent {\n\tz-index: 101;\n  \tbox-shadow: 5px 0 30px rgba(0, 0, 0, 0.5);\n  \t-webkit-box-shadow: 5px 0 30px rgba(0, 0, 0, 0.5);\n\t-moz-box-shadow: 5px 0 30px rgba(0, 0, 0, 0.5);\n\tmargin-top: -20px;\n}\n#ptsBlock_321317 .ptsCol.hover .ptsColHeader {\n\tborder-top-left-radius: 5px;\n  \tborder-top-right-radius: 5px;\n}\n#ptsBlock_321317 .ptsCol.hover .ptsColFooter {\n\tborder-bottom-left-radius: 5px;\n  \tborder-bottom-right-radius: 5px;\n}\n\/*Colors set*\/\n#ptsBlock_321317 .ptsCol .ptsColHeader {\n  \tcolor:#808080;\n}\n#ptsBlock_321317 .ptsCol .ptsColDesc {\n  \tcolor:rgba(255,255,255,1);\n}\n#ptsBlock_321317 .ptsCol .ptsRows {\n  \tcolor:#000;\n}\n<\/style>\n\t\t\t\t<div class=\"ptsBlockContent\"><div class=\"ptsContainer\">\n\t<div class=\"ptsColsWrapper ui-sortable\">\n\t\t\t\t<div class=\"ptsEl ptsCol ptsCol-0 ptsTableDescCol ptsElWithArea\" data-el=\"table_col_desc\" data-color=\"#424242\" style=\"width: 50%;\">\n\t\t\t<div class=\"ptsTableElementContent ptsElArea\">\n\t\t\t\t<div class=\"ptsColHeader ptsCell\" style=\"height: 39px;\">\n\t\t\t\t\t<div class=\"ptsEl\" data-el=\"table_cell_txt\" data-type=\"txt\" style=\"\"><p><br><\/p><\/div>\n\t\t\t\t<\/div>\n\t\t\t\t<div class=\"ptsColDesc\" style=\"height: 58px;\">\n\t\t\t\t\t<div class=\"ptsEl\" data-el=\"table_cell_txt\" data-type=\"txt\" style=\"\"><p><span style=\"font-size: 24pt;\" data-mce-style=\"font-size: 24pt;\">Funktion<\/span><\/p><\/div>\n\t\t\t\t<\/div>\n\t\t\t\t<div class=\"ptsRows ui-sortable\" style=\"height: auto;\">\n\t\t\t\t\t<div class=\"ptsCell ptsCellAlignCenter\" style=\"height: 49px;\">\n\t\t\t\t\t\t<div class=\"ptsEl\" data-el=\"table_cell_txt\" data-type=\"txt\" style=\"\"><p><span style=\"font-size: 18pt;\" data-mce-style=\"font-size: 18pt;\"><strong>Allgemein<\/strong><\/span><\/p><\/div>\n\t\t\t\t\t<\/div>\n\t\t\t\t\t<div class=\"ptsCell ptsCellAlignCenter\" style=\"height: 128px;\">\n\t\t\t\t\t\t<div class=\"ptsEl\" data-el=\"table_cell_txt\" data-type=\"txt\" style=\"\"><p><span style=\" font-size: 12pt;\" data-mce-style=\"font-size: 12pt;\">Video Format<\/span><\/p><\/div>\n\t\t\t\t\t<\/div>\n\t\t\t\t\t<div class=\"ptsCell ptsCellAlignCenter\" style=\"height: 39px;\">\n\t\t\t\t\t\t<div class=\"ptsEl\" data-el=\"table_cell_txt\" data-type=\"txt\" style=\"\"><p><span style=\"font-size: 16px;\" data-mce-style=\"font-size: 16px;\">Video Kompression (AVI)<\/span><\/p><\/div>\n\t\t\t\t\t<\/div>\n\t\t\t\t\t<div class=\"ptsCell ptsCellAlignCenter\" style=\"height: 96px;\">\n\t\t\t\t\t\t<div class=\"ptsEl\" data-el=\"table_cell_txt\" data-type=\"txt\" style=\"\"><p><span style=\" font-size: 12pt;\" data-mce-style=\"font-size: 12pt;\">Audio Kompression (AVI)<\/span><\/p><\/div>\n\t\t\t\t\t<\/div>\n\t\t\t\t\t<div class=\"ptsCell ptsCellAlignCenter\" style=\"height: 39px;\">\n\t\t\t\t\t\t<div class=\"ptsEl\" data-el=\"table_cell_txt\" data-type=\"txt\" style=\"\"><p><span style=\" font-size: 12pt;\" data-mce-style=\"font-size: 12pt;\">Bilder\/s(Framerate)<\/span><\/p><\/div>\n\t\t\t\t\t<\/div><div class=\"ptsCell ptsCellAlignCenter\" style=\"height: 39px;\">\n\t\t\t\t\t\t<div class=\"ptsEl\" data-el=\"table_cell_txt\" data-type=\"txt\" style=\"\"><p><span style=\" font-size: 12pt;\" data-mce-style=\"font-size: 12pt;\">Mauszeiger aufnehmen<\/span><\/p><\/div>\n\t\t\t\t\t<\/div><div class=\"ptsCell ptsCellAlignCenter\" style=\"height: 39px;\">\n\t\t\t\t\t\t<div class=\"ptsEl\" data-el=\"table_cell_txt\" data-type=\"txt\" style=\"\"><p><span style=\" font-size: 12pt;\" data-mce-style=\"font-size: 12pt;\">Mauszeiger animieren<\/span><\/p><\/div>\n\t\t\t\t\t<\/div><div class=\"ptsCell ptsCellAlignCenter\" style=\"height: 39px;\">\n\t\t\t\t\t\t<div class=\"ptsEl\" data-el=\"table_cell_txt\" data-type=\"txt\" style=\"\"><p><span style=\" font-size: 12pt;\" data-mce-style=\"font-size: 12pt;\">Animationsdauer<\/span><\/p><\/div>\n\t\t\t\t\t<\/div><div class=\"ptsCell ptsCellAlignCenter\" style=\"height: 58px;\">\n\t\t\t\t\t\t<div class=\"ptsEl\" data-el=\"table_cell_txt\" data-type=\"txt\" style=\"\"><p><span style=\" font-size: 12pt;\" data-mce-style=\"font-size: 12pt;\">Erweitertes WMV Profil<\/span><\/p><\/div>\n\t\t\t\t\t<\/div><div class=\"ptsCell ptsCellAlignCenter\" style=\"height: 49px;\">\n\t\t\t\t\t\t<div class=\"ptsEl\" data-el=\"table_cell_txt\" data-type=\"txt\" style=\"\"><p><strong><span style=\"font-size: 18pt;\" mce-data-marked=\"1\">Ausgabe\/Videoausgabe&nbsp; &nbsp; (SWF\/FLV Format)<\/span><\/strong><\/p><\/div>\n\t\t\t\t\t<\/div><div class=\"ptsCell ptsCellAlignCenter\" style=\"height: 39px;\">\n\t\t\t\t\t\t<div class=\"ptsEl\" data-el=\"table_cell_txt\" data-type=\"txt\" style=\"\"><p><span style=\" font-size: 12pt;\" data-mce-style=\"font-size: 12pt;\" mce-data-marked=\"1\">Video Bitrate<\/span><\/p><\/div>\n\t\t\t\t\t<\/div><div class=\"ptsCell ptsCellAlignCenter\" style=\"height: 39px;\">\n\t\t\t\t\t\t<div class=\"ptsEl\" data-el=\"table_cell_txt\" data-type=\"txt\" style=\"\"><p><span style=\" font-size: 12pt;\" data-mce-style=\"font-size: 12pt;\">Audio&nbsp;Bitrate<\/span><\/p><\/div>\n\t\t\t\t\t<\/div><div class=\"ptsCell ptsCellAlignCenter\" style=\"height: 39px;\">\n\t\t\t\t\t\t<div class=\"ptsEl\" data-el=\"table_cell_txt\" data-type=\"txt\" style=\"\"><p><span style=\" font-size: 12pt;\" data-mce-style=\"font-size: 12pt;\" mce-data-marked=\"1\">Breite<\/span><\/p><\/div>\n\t\t\t\t\t<\/div><div class=\"ptsCell ptsCellAlignCenter\" style=\"height: 39px;\">\n\t\t\t\t\t\t<div class=\"ptsEl\" data-el=\"table_cell_txt\" data-type=\"txt\" style=\"\"><p><span style=\"font-size: 16px;\">H\u00f6he<\/span><\/p><\/div>\n\t\t\t\t\t<\/div><div class=\"ptsCell ptsCellAlignCenter\" style=\"height: 39px;\">\n\t\t\t\t\t\t<div class=\"ptsEl\" data-el=\"table_cell_txt\" data-type=\"txt\" style=\"\"><p><span style=\"font-size: 16px;\">Audio Kan\u00e4le<\/span><\/p><\/div>\n\t\t\t\t\t<\/div><div class=\"ptsCell ptsCellAlignCenter\" style=\"height: 49px;\">\n\t\t\t\t\t\t<div class=\"ptsEl\" data-el=\"table_cell_txt\" data-type=\"txt\" style=\"\"><p><strong><span style=\"font-size: 18pt;\">Audio<\/span><\/strong><\/p><\/div>\n\t\t\t\t\t<\/div><div class=\"ptsCell ptsCellAlignCenter\" style=\"height: 39px;\">\n\t\t\t\t\t\t<div class=\"ptsEl\" data-el=\"table_cell_txt\" data-type=\"txt\" style=\"\"><p><span style=\"font-size: 16px;\" data-mce-style=\"font-size: 16px;\">Audio aufnehmen<\/span><\/p><\/div>\n\t\t\t\t\t<\/div><div class=\"ptsCell ptsCellAlignCenter\" style=\"height: 39px;\">\n\t\t\t\t\t\t<div class=\"ptsEl\" data-el=\"table_cell_txt\" data-type=\"txt\" style=\"\"><p><span style=\"font-size: 16px;\" data-mce-style=\"font-size: 16px;\">Audioger\u00e4t<\/span><\/p><\/div>\n\t\t\t\t\t<\/div><div class=\"ptsCell ptsCellAlignCenter\" style=\"height: 77px;\">\n\t\t\t\t\t\t<div class=\"ptsEl\" data-el=\"table_cell_txt\" data-type=\"txt\" style=\"\"><p><span style=\"font-size: 16px;\" data-mce-style=\"font-size: 16px;\">Audioanschluss<\/span><\/p><\/div>\n\t\t\t\t\t<\/div><div class=\"ptsCell ptsCellAlignCenter\" style=\"height: 49px;\">\n\t\t\t\t\t\t<div class=\"ptsEl\" data-el=\"table_cell_txt\" data-type=\"txt\" style=\"\"><p><strong><span style=\"font-size: 18pt;\" mce-data-marked=\"1\">Bereich<\/span><\/strong><\/p><\/div>\n\t\t\t\t\t<\/div><div class=\"ptsCell ptsCellAlignCenter\" style=\"height: 115px;\">\n\t\t\t\t\t\t<div class=\"ptsEl\" data-el=\"table_cell_txt\" data-type=\"txt\" style=\"\"><p><span style=\"font-size: 16px;\">Aufnahmebereich<\/span><\/p><\/div>\n\t\t\t\t\t<\/div><div class=\"ptsCell ptsCellAlignCenter\" style=\"height: 39px;\">\n\t\t\t\t\t\t<div class=\"ptsEl\" data-el=\"table_cell_txt\" data-type=\"txt\" style=\"\"><p><span style=\"font-size: 16px;\" data-mce-style=\"font-size: 16px;\" mce-data-marked=\"1\">X,Y Position<\/span><\/p><\/div>\n\t\t\t\t\t<\/div><div class=\"ptsCell ptsCellAlignCenter\" style=\"height: 58px;\">\n\t\t\t\t\t\t<div class=\"ptsEl\" data-el=\"table_cell_txt\" data-type=\"txt\" style=\"\"><p><span style=\"font-size: 16px;\" data-mce-style=\"font-size: 16px;\" mce-data-marked=\"1\">Breite<\/span><\/p><\/div>\n\t\t\t\t\t<\/div><div class=\"ptsCell ptsCellAlignCenter\" style=\"height: 58px;\">\n\t\t\t\t\t\t<div class=\"ptsEl\" data-el=\"table_cell_txt\" data-type=\"txt\" style=\"\"><p><span style=\"font-size: 16px;\" data-mce-style=\"font-size: 16px;\" mce-data-marked=\"1\">H\u00f6he<\/span><\/p><\/div>\n\t\t\t\t\t<\/div><div class=\"ptsCell ptsCellAlignCenter\" style=\"height: 58px; position: relative; top: 0px; left: 0px;\">\n\t\t\t\t\t\t<div class=\"ptsEl\" data-el=\"table_cell_txt\" data-type=\"txt\" style=\"\"><p><span style=\"font-size: 12pt;\" data-mce-style=\"font-size: 12pt;\">Bereich vor jeder Aufnahme w\u00e4hlen<\/span><\/p><\/div>\n\t\t\t\t\t<\/div>\n\t\t\t\t<\/div>\n\t\t\t\t<div class=\"ptsColFooter\" style=\"height: 21px;\"><\/div>\n\t\t\t<\/div>\n\t\t<\/div>\n\t\t\t\t<div class=\"ptsEl ptsCol ptsElWithArea ptsCol-1\" data-el=\"table_col\" data-color=\"#424242\" style=\"height: auto; width: 50%;\">\n\t\t\t<div class=\"ptsTableElementContent ptsElArea\">\n\t\t\t\t<div class=\"ptsColHeader ptsCell\" style=\"height: 39px;\">\n\t\t\t\t\t\n\t\t\t\t<\/div>\n\t\t\t\t<div class=\"ptsColDesc\" style=\"height: 58px;\">\n\t\t\t\t\t<div class=\"ptsEl\" data-el=\"table_cell_txt\" data-type=\"txt\" style=\"\"><p><span style=\"font-size: 24pt;\" data-mce-style=\"font-size: 24pt;\">Beschreibung<\/span><\/p><\/div>\n\t\t\t\t<\/div>\n\t\t\t\t<div class=\"ptsRows ui-sortable\" style=\"height: auto;\">\n\t\t\t\t\t<div class=\"ptsCell\" style=\"height: 49px;\">\n\t\t\t\t\t\t\n\t\t\t\t\t<\/div>\n\t\t\t\t\t<div class=\"ptsCell ptsCellAlignCenter\" style=\"height: 128px;\">\n\t\t\t\t\t\t<div class=\"ptsEl\" data-el=\"table_cell_txt\" data-type=\"txt\" style=\"\"><div>Hier w\u00e4hlst Du das Ausgabeformat der Videodatei. <br>Folgende Formate sind m\u00f6glich:<\/div><div><ul><li>AVI<\/li><li>WMV<\/li><li>SWF<\/li><li>FLV<\/li><\/ul><\/div><\/div>\n\t\t\t\t\t<\/div>\n\t\t\t\t\t<div class=\"ptsCell\" style=\"height: 39px;\">\n\t\t\t\t\t\t<div class=\"ptsEl\" data-el=\"table_cell_txt\" data-type=\"txt\" style=\"\"><p><span style=\"font-size: 12pt;\" data-mce-style=\"font-size: 12pt;\">Hier kann ein Kompressionsmodus gew\u00e4hlt werden, womit eine kleinere Dateigr\u00f6\u00dfe erreicht werden kann.<\/span><br><\/p><\/div>\n\t\t\t\t\t<\/div>\n\t\t\t\t\t<div class=\"ptsCell\" style=\"height: 96px;\">\n\t\t\t\t\t\t<div class=\"ptsEl\" data-el=\"table_cell_txt\" data-type=\"txt\" style=\"\"><p><span style=\"font-size: 12pt;\" data-mce-style=\"font-size: 12pt;\">Hier kann ein Kompressionsmodus gew\u00e4hlt werden, womit eine kleinere Dateigr\u00f6\u00dfe erreicht werden kann. Um MPEG Layer 3(MP3) Audio aufzunehmen, ben\u00f6tigst Du die lame_enc.dll die Du&nbsp;<a href=\"http:\/\/www.google.de\/search?q=lame_enc.dll%2Bdownload\" data-mce-href=\"http:\/\/www.google.de\/search?q=lame_enc.dll%2Bdownload\">hier downloaden k\u00f6nnen<\/a>. Diese DLL Datei mu\u00df in das Screeny Professional Programmverzeichnis kopiert werden. Danach steht der MPEG Layer 3 Codec in den Audiokompressor Optionen zu Auswahl.<\/span><br><\/p><\/div>\n\t\t\t\t\t<\/div>\n\t\t\t\t\t<div class=\"ptsCell\" style=\"height: 39px;\">\n\t\t\t\t\t\t<div class=\"ptsEl\" data-el=\"table_cell_txt\" data-type=\"txt\" style=\"\"><p><span style=\"font-size: 12pt;\" data-mce-style=\"font-size: 12pt;\">Hier kann die Framerate (Bilder\/s) eingestellt werden(1-30 Bilder\/s)<\/span><\/p><\/div>\n\t\t\t\t\t<\/div><div class=\"ptsCell\" style=\"height: 39px;\">\n\t\t\t\t\t\t<div class=\"ptsEl\" data-el=\"table_cell_txt\" data-type=\"txt\" style=\"\"><p><span style=\"font-size: 12pt;\" data-mce-style=\"font-size: 12pt;\">W\u00e4hle diese Option um den Mauszeiger im Video abzubilden.<\/span><\/p><\/div>\n\t\t\t\t\t<\/div><div class=\"ptsCell\" style=\"height: 39px;\">\n\t\t\t\t\t\t<div class=\"ptsEl\" data-el=\"table_cell_txt\" data-type=\"txt\" style=\"\"><p><span style=\"font-size: 12pt;\" data-mce-style=\"font-size: 12pt;\">W\u00e4hle diese Option, wenn Klickereignisse w\u00e4hrend der Aufnahme animiert dargestellt werden sollen.<\/span><\/p><\/div>\n\t\t\t\t\t<\/div><div class=\"ptsCell\" style=\"height: 39px;\">\n\t\t\t\t\t\t<div class=\"ptsEl\" data-el=\"table_cell_txt\" data-type=\"txt\" style=\"\"><p><span style=\"font-size: 12pt;\" data-mce-style=\"font-size: 12pt;\">Hier stellst Du die Dauer der Mauszeigeranimation ein<\/span><\/p><\/div>\n\t\t\t\t\t<\/div><div class=\"ptsCell\" style=\"height: 58px;\">\n\t\t\t\t\t\t<div class=\"ptsEl\" data-el=\"table_cell_txt\" data-type=\"txt\" style=\"\"><p><span style=\"font-size: 12pt;\" data-mce-style=\"font-size: 12pt;\">Hier kannst Du gezielt ein zu Deiner Bildschirmaufl\u00f6sung passendes WMV Profil ausw\u00e4hlen. Wenn Du kein Profil ausw\u00e4hlen, erstellt Screeny automatisch ein passendes zur Auswahl.<\/span><br><\/p><\/div>\n\t\t\t\t\t<\/div><div class=\"ptsCell\" style=\"height: 49px;\">\n\t\t\t\t\t\t<div class=\"ptsEl\" data-el=\"table_cell_txt\" data-type=\"txt\" style=\"\"><p><br><\/p><\/div>\n\t\t\t\t\t<\/div><div class=\"ptsCell\" style=\"height: 39px;\">\n\t\t\t\t\t\t<div class=\"ptsEl\" data-el=\"table_cell_txt\" data-type=\"txt\" style=\"\"><p><span style=\"font-size: 12pt;\" data-mce-style=\"font-size: 12pt;\">Hier legst Du die Video Bitrate fest. Dies hat Auswirkungen auf Dateigr\u00f6\u00dfe\/Videoqualit\u00e4t der Aufnahme.<\/span><br><\/p><\/div>\n\t\t\t\t\t<\/div><div class=\"ptsCell\" style=\"height: 39px;\">\n\t\t\t\t\t\t<div class=\"ptsEl\" data-el=\"table_cell_txt\" data-type=\"txt\" style=\"\"><p><span style=\"font-size: 12pt;\" data-mce-style=\"font-size: 12pt;\">Hier legst Du die Video Bitrate fest. Dies hat Auswirkungen auf Dateigr\u00f6\u00dfe\/Videoqualit\u00e4t der Aufnahme.<\/span><br><\/p><\/div>\n\t\t\t\t\t<\/div><div class=\"ptsCell\" style=\"height: 39px;\">\n\t\t\t\t\t\t<div class=\"ptsEl\" data-el=\"table_cell_txt\" data-type=\"txt\" style=\"\"><p><span style=\"font-size: 12pt;\" data-mce-style=\"font-size: 12pt;\">Hier legst Du die Ausgabebreite in Pixel der Videodatei fest<\/span><br><\/p><\/div>\n\t\t\t\t\t<\/div><div class=\"ptsCell\" style=\"height: 39px;\">\n\t\t\t\t\t\t<div class=\"ptsEl\" data-el=\"table_cell_txt\" data-type=\"txt\" style=\"\"><p><span style=\"font-size: 12pt;\" data-mce-style=\"font-size: 12pt;\">Hier legst Du die Ausgabeh\u00f6he in Pixel der Videodatei fest<\/span><br><\/p><\/div>\n\t\t\t\t\t<\/div><div class=\"ptsCell\" style=\"height: 39px;\">\n\t\t\t\t\t\t<div class=\"ptsEl\" data-el=\"table_cell_txt\" data-type=\"txt\" style=\"\"><p><span style=\"font-size: 12pt;\" data-mce-style=\"font-size: 12pt;\">Hier kannst Du die Audiokan\u00e4le festlegen, i.d.R. muss hier nichts ge\u00e4ndert werden<\/span><br><\/p><\/div>\n\t\t\t\t\t<\/div><div class=\"ptsCell\" style=\"height: 49px;\">\n\t\t\t\t\t\t<div class=\"ptsEl\" data-el=\"table_cell_txt\" data-type=\"txt\" style=\"\"><p><br><\/p><\/div>\n\t\t\t\t\t<\/div><div class=\"ptsCell\" style=\"height: 39px;\">\n\t\t\t\t\t\t<div class=\"ptsEl\" data-el=\"table_cell_txt\" data-type=\"txt\" style=\"\"><p><span style=\"font-size: 12pt;\" data-mce-style=\"font-size: 12pt;\">Ist diese Option gew\u00e4hlt, wird das Video mit Ton aufgenommen.<\/span><br><\/p><\/div>\n\t\t\t\t\t<\/div><div class=\"ptsCell\" style=\"height: 39px;\">\n\t\t\t\t\t\t<div class=\"ptsEl\" data-el=\"table_cell_txt\" data-type=\"txt\" style=\"\"><p><span style=\"font-size: 12pt;\" data-mce-style=\"font-size: 12pt;\">Hier w\u00e4hlst Du das Audioger\u00e4t aus (z.B. Deine Soundkarte)<\/span><br><\/p><\/div>\n\t\t\t\t\t<\/div><div class=\"ptsCell\" style=\"height: 77px;\">\n\t\t\t\t\t\t<div class=\"ptsEl\" data-el=\"table_cell_txt\" data-type=\"txt\" style=\"\"><p><span style=\"font-size: 12pt;\" data-mce-style=\"font-size: 12pt;\">W\u00e4hle hier den Anschluss Deines Audioger\u00e4tes, von dem der Ton aufgenommen werden soll (z.B. Mikrofon). Du kannst hier auch den Ton der Lautsprecher w\u00e4hlen (wenn dieser zur Auswahl steht), und so z.B. Video's im Windows Mediaplayer mit Ton als Video aufnehmen.<\/span><br><\/p><\/div>\n\t\t\t\t\t<\/div><div class=\"ptsCell\" style=\"height: 49px;\">\n\t\t\t\t\t\t<div class=\"ptsEl\" data-el=\"table_cell_txt\" data-type=\"txt\" style=\"\"><p><br><\/p><\/div>\n\t\t\t\t\t<\/div><div class=\"ptsCell\" style=\"height: 115px;\">\n\t\t\t\t\t\t<div class=\"ptsEl\" data-el=\"table_cell_txt\" data-type=\"txt\" style=\"\"><p><span style=\"font-size: 16px;\">W\u00e4hle hier welchen Bereich des Bildschirm Du aufnehmen m\u00f6chtest.<\/span><\/p><p><span style=\"font-size: 16px;\">Aufnahmem\u00f6glichkeiten:<\/span><\/p><p><span style=\"font-size: 16px;\">-Fenster<\/span><\/p><p><span style=\"font-size: 16px;\">-Desktop<\/span><\/p><p><span style=\"font-size: 16px;\">-Auswahl<\/span><\/p><\/div>\n\t\t\t\t\t<\/div><div class=\"ptsCell\" style=\"height: 39px;\">\n\t\t\t\t\t\t<div class=\"ptsEl\" data-el=\"table_cell_txt\" data-type=\"txt\" style=\"\"><p><span style=\"font-size: 12pt;\" data-mce-style=\"font-size: 12pt;\">Hier wird die X,Y Position des ausgew\u00e4hlten Bereiches angezeigt<\/span><br><\/p><\/div>\n\t\t\t\t\t<\/div><div class=\"ptsCell\" style=\"height: 58px;\">\n\t\t\t\t\t\t<div class=\"ptsEl\" data-el=\"table_cell_txt\" data-type=\"txt\" style=\"\"><p><span style=\"font-size: 12pt;\" data-mce-style=\"font-size: 12pt;\">Gib hier die Aufnahmebreite in Pixel an, oder klicke auf \"Bereich w\u00e4hlen\" um einen Bereich mit der Maus auf dem Desktop auszuw\u00e4hlen.<\/span><br><\/p><\/div>\n\t\t\t\t\t<\/div><div class=\"ptsCell\" style=\"height: 58px;\">\n\t\t\t\t\t\t<div class=\"ptsEl\" data-el=\"table_cell_txt\" data-type=\"txt\" style=\"\"><p><span style=\"font-size: 12pt;\" data-mce-style=\"font-size: 12pt;\">Gib hier die Aufnahmeh\u00f6he in Pixel an, oder klicke auf \"Bereich w\u00e4hlen\" um einen Bereich mit der Maus auf dem Desktop auszuw\u00e4hlen.<\/span><br><\/p><\/div>\n\t\t\t\t\t<\/div><div class=\"ptsCell\" style=\"height: 58px; position: relative; top: 0px; left: 0px;\">\n\t\t\t\t\t\t<div class=\"ptsEl\" data-el=\"table_cell_txt\" data-type=\"txt\" style=\"\"><p><span style=\"font-size: 12pt;\" data-mce-style=\"font-size: 12pt;\">W\u00e4hle diese Option, um vor jeder Aufnahme den Bereich auszuw\u00e4hlen. Ist diese Option gew\u00e4hlt, wird der festgelegte Bereich nicht ber\u00fccksichtigt!<\/span><\/p><\/div>\n\t\t\t\t\t<\/div>\n\t\t\t\t<\/div>\n\t\t\t\t<div class=\"ptsColFooter\" style=\"height: 21px;\">\n\t\t\t\t\t\n\t\t\t\t<\/div>\n\t\t\t<\/div>\n\t\t<\/div>\n\t\t\n\t\t\n\t\t\n\t<\/div>\n\t<div style=\"clear: both;\"><\/div>\n<\/div><\/div>\n\t\t<a title=\"WordPress Pricing Table\" style=\"display:none;\" href=\"https:\/\/supsystic.com\/plugins\/pricing-tables\/?utm_medium=love_link_hide\" target=\"_blank\">WordPress Pricing Table<\/a><div style=\"clear: both;\"><\/div><\/div>\n<\/div>\r\n<\/p>\r\n\r\n<\/div>\r\n<\/div>\r\n<\/div>\r\n<\/div>","protected":false},"excerpt":{"rendered":"","protected":false},"author":1,"featured_media":0,"parent":0,"menu_order":0,"comment_status":"closed","ping_status":"closed","template":"page-templates\/page-with-left-sidebar.php","meta":{"footnotes":""},"class_list":["post-856","page","type-page","status-publish","hentry"],"_links":{"self":[{"href":"https:\/\/www.kaemsoft.de\/CMW\/wp-json\/wp\/v2\/pages\/856","targetHints":{"allow":["GET"]}}],"collection":[{"href":"https:\/\/www.kaemsoft.de\/CMW\/wp-json\/wp\/v2\/pages"}],"about":[{"href":"https:\/\/www.kaemsoft.de\/CMW\/wp-json\/wp\/v2\/types\/page"}],"author":[{"embeddable":true,"href":"https:\/\/www.kaemsoft.de\/CMW\/wp-json\/wp\/v2\/users\/1"}],"replies":[{"embeddable":true,"href":"https:\/\/www.kaemsoft.de\/CMW\/wp-json\/wp\/v2\/comments?post=856"}],"version-history":[{"count":5,"href":"https:\/\/www.kaemsoft.de\/CMW\/wp-json\/wp\/v2\/pages\/856\/revisions"}],"predecessor-version":[{"id":939,"href":"https:\/\/www.kaemsoft.de\/CMW\/wp-json\/wp\/v2\/pages\/856\/revisions\/939"}],"wp:attachment":[{"href":"https:\/\/www.kaemsoft.de\/CMW\/wp-json\/wp\/v2\/media?parent=856"}],"curies":[{"name":"wp","href":"https:\/\/api.w.org\/{rel}","templated":true}]}}