{"id":1885,"date":"2019-04-01T17:24:40","date_gmt":"2019-04-01T15:24:40","guid":{"rendered":"https:\/\/www.kaemsoft.de\/CMW\/?page_id=1885"},"modified":"2025-01-23T14:53:01","modified_gmt":"2025-01-23T13:53:01","slug":"vorabversionen","status":"publish","type":"page","link":"https:\/\/www.kaemsoft.de\/CMW\/vorabversionen\/","title":{"rendered":"Vorabversionen"},"content":{"rendered":"<div  data-label=\"Vorabversionen\" data-id=\"overlappable--1\" data-export-id=\"overlappable-1\" data-category=\"overlappable\" class=\"overlappable-1 content-section content-section-spacing\" data-overlap=\"true\" id=\"vorabversionen\" style=\"background-color: rgb(255, 255, 255);\"><div  class=\"gridContainer\"> <div  data-type=\"row\" class=\"row shadow-medium\"><div  data-type=\"column\" class=\"col-xs-12 col-sm-4 flexcol bg-color-white col-padding col-padding-small-xs\"> <i  class=\"fa icon fa-asterisk color1\"><\/i> <h5  class=\"\">Zetwin 5.0.26D<\/h5> <p  class=\"\"><span  style=\"font-weight: 600;\">Korrekturen\/Neues:\n<\/span><br >\u2013 Ereignisspeicher Import verbessert\n<br >\u2013 Darstellung Ringleitung verbessert\n<br >\u2013 Etiketten Editor erweitert\n<br >\u2013 Dateikompatibilit\u00e4t verbessert\n<br >&#8211; Insepektionsprotokoll korrigiert<\/p> <a  class=\"button color2 outline\" href=\"https:\/\/www.kaemsoft.de\/zetwin5_beta\/Setup5026D.exe\" target=\"_self\" data-cp-link=\"1\" data-icon=\"fa-arrow-circle-o-down\" rel=\"noopener noreferrer\"><span class=\"button-icon fa fa-arrow-circle-o-down\" ><\/span>Download (Setup)<\/a><\/div> <div  data-type=\"column\" class=\"col-xs-12 col-sm-4 flexcol bg-color2 col-padding col-padding-small-xs inverted\"><i  class=\"fa icon white fa-asterisk color-black\"><\/i> <h5  class=\"inverted\">Zetwin 4.9.2a<\/h5> <p  class=\"\"><span  style=\"font-weight: 600;\">Korrekturen:\n<\/span><br ><span  style=\"font-weight: 300;\">-Eintrag \u201ePr\u00fcfung nicht m\u00f6glich\u201c bei Elementen in der Systemmeldergruppe korrigiert<\/span><\/p> <a  class=\"button inverted color-white outline\" href=\"https:\/\/www.kaemsoft.de\/zetwin40beta\/Zetwin492a.zip\" target=\"_self\" data-cp-link=\"1\" data-icon=\"fa-arrow-circle-o-down\" rel=\"noopener noreferrer\"><span  class=\"button-icon fa fa-arrow-circle-o-down\"><\/span>Download (nur Exe Datei)<\/a><\/div>  <div  data-type=\"column\" class=\"col-xs-12 col-sm-4 flexcol bg-color-white col-padding col-padding-small-xs\"> <i  class=\"fa icon fa-exclamation-triangle color1\"><\/i>  <p  class=\"\">Vorabversionen k\u00f6nnen trotz gr\u00f6\u00dfter Sorgfalt noch Fehler enthalten. Die Benutzung und Installation erfolgt daher auf eigene Gefahr!<\/p> <\/div><\/div><\/div> <\/div><div  data-label=\"Woocommerce\" data-id=\"woocommerce--1\" data-export-id=\"woocommerce-section\" data-category=\"woocommerce\" class=\"woocommerce-section content-section content-section-spacing\" id=\"woocommerce-1\" style=\"background-color: rgb(245, 250, 253);\"><div  class=\"gridContainer\"> <div  class=\"row\"><div  data-type=\"column\" class=\"section-title-col\">  <\/div> <\/div> <div  class=\"row\"> <div  data-content-shortcode=\"mesmerize_display_woocommerce_items\" data-editable=\"true\" data-type=\"row\" data-dynamic-columns=\"handled\"><div class=\"woocommerce in-section\">\n        <ul class=\"products columns-4\">\n\n        \n            <li class=\"col-md-3 col-sm-6 col-xs-12 in-page-section product type-product post-1780 status-publish first instock product_cat-hardware product_tag-erweiterung product_tag-usb-speicher product_tag-metallgehaeuse product_tag-32gb product_tag-memory-stick product_tag-windows has-post-thumbnail taxable shipping-taxable purchasable product-type-simple has-product-safety-information\">\n\t\n    <div class=\"ope-woo-card-item \">\n    \n    <a href=\"https:\/\/www.kaemsoft.de\/CMW\/produkt\/usb-speicher-32-gb\/\" class=\"woocommerce-LoopProduct-link woocommerce-loop-product__link\">    <div class=\"ope-woo-card-header\">\n    <img loading=\"lazy\" decoding=\"async\" width=\"300\" height=\"293\" src=\"https:\/\/www.kaemsoft.de\/CMW\/wp-content\/uploads\/2019\/03\/USB_30_32GB-300x293.jpg\" class=\"attachment-woocommerce_thumbnail size-woocommerce_thumbnail\" alt=\"USB Speicher 32 GB\" srcset=\"https:\/\/www.kaemsoft.de\/CMW\/wp-content\/uploads\/2019\/03\/USB_30_32GB-300x293.jpg 300w, https:\/\/www.kaemsoft.de\/CMW\/wp-content\/uploads\/2019\/03\/USB_30_32GB.jpg 541w\" sizes=\"auto, (max-width: 300px) 100vw, 300px\" \/>    <\/div>\n        <div class=\"ope-woo-card-content\">\n        <div class=\"ope-woo-card-content-section ope-woo-card-content-title\">\n        <h3 class=\"ope-card-product-tile\">USB Speicher 32 GB<\/h3>\n    <\/div>\n        <div class=\"ope-woo-card-content-section ope-woo-card-content-rating\">\n            <\/div>\n    \n        <div class=\"ope-woo-card-content-section ope-woo-card-content-price\">\n        \n\t<span class=\"price\"><span class=\"woocommerce-Price-amount amount\"><bdi>29,90&nbsp;<span class=\"woocommerce-Price-currencySymbol\">&euro;<\/span><\/bdi><\/span><\/span>\n    <\/div>\n        <div class=\"ope-woo-card-content-section ope-woo-card-content-categories\">\n        <a href=\"https:\/\/www.kaemsoft.de\/CMW\/produkt-kategorie\/produkte\/hardware\/\" rel=\"tag\">Hardware<\/a>    <\/div>\n        <\/div>\n    \n\n\n    <div class=\"ope-woo-card-footer\">\n    \n    <\/a>\n\t<p class=\"wc-gzd-additional-info wc-gzd-additional-info-loop tax-info\">inkl. 19 % MwSt.<\/p>\n\n\t<p class=\"wc-gzd-additional-info wc-gzd-additional-info-loop shipping-costs-info\">zzgl. <a href=\"https:\/\/www.kaemsoft.de\/CMW\/versandarten\/\" target=\"_blank\">Versandkosten<\/a><\/p>\n\n<a href=\"\/CMW\/wp-json\/wp\/v2\/pages\/1885?add-to-cart=1780\" aria-describedby=\"woocommerce_loop_add_to_cart_link_describedby_1780\" data-quantity=\"1\" class=\"button product_type_simple add_to_cart_button ajax_add_to_cart\" data-product_id=\"1780\" data-product_sku=\"6000\" aria-label=\"In den Warenkorb legen: \u201eUSB Speicher 32 GB\u201c\" rel=\"nofollow\" data-success_message=\"\u201eUSB Speicher 32 GB\u201c wurde deinem Warenkorb hinzugef\u00fcgt\" role=\"button\">In den Warenkorb<\/a>\t<span id=\"woocommerce_loop_add_to_cart_link_describedby_1780\" class=\"screen-reader-text\">\n\t\t\t<\/span>\n    <\/div>\n        <\/div>\n    <\/li>\n\n        \n            <li class=\"col-md-3 col-sm-6 col-xs-12 in-page-section product type-product post-1630 status-publish instock product_cat-software product_tag-inspektion product_tag-etiketten product_tag-pruefprotokoll product_tag-zetwin product_tag-brandmeldeanlage product_tag-mzx product_tag-zettler product_tag-zetfas has-post-thumbnail virtual taxable purchasable product-type-simple has-product-safety-information\">\n\t\n    <div class=\"ope-woo-card-item \">\n    \n    <a href=\"https:\/\/www.kaemsoft.de\/CMW\/produkt\/zetwin-5-laufzeitpaket\/\" class=\"woocommerce-LoopProduct-link woocommerce-loop-product__link\">    <div class=\"ope-woo-card-header\">\n    <img loading=\"lazy\" decoding=\"async\" width=\"300\" height=\"300\" src=\"https:\/\/www.kaemsoft.de\/CMW\/wp-content\/uploads\/2018\/12\/Zetwin5_1k_1k_LZL-300x300.jpg\" class=\"attachment-woocommerce_thumbnail size-woocommerce_thumbnail\" alt=\"Zetwin 5 Laufzeitlizenz\" srcset=\"https:\/\/www.kaemsoft.de\/CMW\/wp-content\/uploads\/2018\/12\/Zetwin5_1k_1k_LZL-300x300.jpg 300w, https:\/\/www.kaemsoft.de\/CMW\/wp-content\/uploads\/2018\/12\/Zetwin5_1k_1k_LZL-150x150.jpg 150w, https:\/\/www.kaemsoft.de\/CMW\/wp-content\/uploads\/2018\/12\/Zetwin5_1k_1k_LZL-768x768.jpg 768w, https:\/\/www.kaemsoft.de\/CMW\/wp-content\/uploads\/2018\/12\/Zetwin5_1k_1k_LZL-100x100.jpg 100w, https:\/\/www.kaemsoft.de\/CMW\/wp-content\/uploads\/2018\/12\/Zetwin5_1k_1k_LZL.jpg 1000w\" sizes=\"auto, (max-width: 300px) 100vw, 300px\" \/>    <\/div>\n        <div class=\"ope-woo-card-content\">\n        <div class=\"ope-woo-card-content-section ope-woo-card-content-title\">\n        <h3 class=\"ope-card-product-tile\">Zetwin 5 Laufzeitlizenz<\/h3>\n    <\/div>\n        <div class=\"ope-woo-card-content-section ope-woo-card-content-rating\">\n            <\/div>\n    \n        <div class=\"ope-woo-card-content-section ope-woo-card-content-price\">\n        \n\t<span class=\"price\"><span class=\"woocommerce-Price-amount amount\"><bdi>59,90&nbsp;<span class=\"woocommerce-Price-currencySymbol\">&euro;<\/span><\/bdi><\/span><\/span>\n    <\/div>\n        <div class=\"ope-woo-card-content-section ope-woo-card-content-categories\">\n        <a href=\"https:\/\/www.kaemsoft.de\/CMW\/produkt-kategorie\/produkte\/software\/\" rel=\"tag\">Software<\/a>    <\/div>\n        <\/div>\n    \n\n\n    <div class=\"ope-woo-card-footer\">\n    \n    <\/a>\n\t<p class=\"wc-gzd-additional-info wc-gzd-additional-info-loop tax-info\">inkl. MwSt.<\/p>\n\n\t<p class=\"wc-gzd-additional-info wc-gzd-additional-info-loop shipping-costs-info\">zzgl. <a href=\"https:\/\/www.kaemsoft.de\/CMW\/versandarten\/\" target=\"_blank\">Versandkosten<\/a><\/p>\n\n<a href=\"\/CMW\/wp-json\/wp\/v2\/pages\/1885?add-to-cart=1630\" aria-describedby=\"woocommerce_loop_add_to_cart_link_describedby_1630\" data-quantity=\"1\" class=\"button product_type_simple add_to_cart_button ajax_add_to_cart\" data-product_id=\"1630\" data-product_sku=\"5001\" aria-label=\"In den Warenkorb legen: \u201eZetwin 5 Laufzeitlizenz\u201c\" rel=\"nofollow\" data-success_message=\"\u201eZetwin 5 Laufzeitlizenz\u201c wurde deinem Warenkorb hinzugef\u00fcgt\" role=\"button\">In den Warenkorb<\/a>\t<span id=\"woocommerce_loop_add_to_cart_link_describedby_1630\" class=\"screen-reader-text\">\n\t\t\t<\/span>\n    <\/div>\n        <\/div>\n    <\/li>\n\n        \n            <li class=\"col-md-3 col-sm-6 col-xs-12 in-page-section product type-product post-1627 status-publish instock product_cat-software product_tag-inspektion product_tag-etiketten product_tag-pruefprotokoll product_tag-zetwin product_tag-brandmeldeanlage product_tag-mzx product_tag-zettler product_tag-zetfas has-post-thumbnail taxable shipping-taxable purchasable product-type-simple has-product-safety-information\">\n\t\n    <div class=\"ope-woo-card-item \">\n    \n    <a href=\"https:\/\/www.kaemsoft.de\/CMW\/produkt\/zetwin-5\/\" class=\"woocommerce-LoopProduct-link woocommerce-loop-product__link\">    <div class=\"ope-woo-card-header\">\n    <img loading=\"lazy\" decoding=\"async\" width=\"300\" height=\"300\" src=\"https:\/\/www.kaemsoft.de\/CMW\/wp-content\/uploads\/2018\/12\/Zetwin5_1k_1k-300x300.jpg\" class=\"attachment-woocommerce_thumbnail size-woocommerce_thumbnail\" alt=\"Zetwin USB-Dongle\" srcset=\"https:\/\/www.kaemsoft.de\/CMW\/wp-content\/uploads\/2018\/12\/Zetwin5_1k_1k-300x300.jpg 300w, https:\/\/www.kaemsoft.de\/CMW\/wp-content\/uploads\/2018\/12\/Zetwin5_1k_1k-150x150.jpg 150w, https:\/\/www.kaemsoft.de\/CMW\/wp-content\/uploads\/2018\/12\/Zetwin5_1k_1k-768x768.jpg 768w, https:\/\/www.kaemsoft.de\/CMW\/wp-content\/uploads\/2018\/12\/Zetwin5_1k_1k-100x100.jpg 100w, https:\/\/www.kaemsoft.de\/CMW\/wp-content\/uploads\/2018\/12\/Zetwin5_1k_1k.jpg 1000w\" sizes=\"auto, (max-width: 300px) 100vw, 300px\" \/>    <\/div>\n        <div class=\"ope-woo-card-content\">\n        <div class=\"ope-woo-card-content-section ope-woo-card-content-title\">\n        <h3 class=\"ope-card-product-tile\">Zetwin USB-Dongle<\/h3>\n    <\/div>\n        <div class=\"ope-woo-card-content-section ope-woo-card-content-rating\">\n            <\/div>\n    \n        <div class=\"ope-woo-card-content-section ope-woo-card-content-price\">\n        \n\t<span class=\"price\"><span class=\"woocommerce-Price-amount amount\"><bdi>99,90&nbsp;<span class=\"woocommerce-Price-currencySymbol\">&euro;<\/span><\/bdi><\/span><\/span>\n    <\/div>\n        <div class=\"ope-woo-card-content-section ope-woo-card-content-categories\">\n        <a href=\"https:\/\/www.kaemsoft.de\/CMW\/produkt-kategorie\/produkte\/software\/\" rel=\"tag\">Software<\/a>    <\/div>\n        <\/div>\n    \n\n\n    <div class=\"ope-woo-card-footer\">\n    \n    <\/a>\n\t<p class=\"wc-gzd-additional-info wc-gzd-additional-info-loop tax-info\">inkl. 19 % MwSt.<\/p>\n\n\t<p class=\"wc-gzd-additional-info wc-gzd-additional-info-loop shipping-costs-info\">zzgl. <a href=\"https:\/\/www.kaemsoft.de\/CMW\/versandarten\/\" target=\"_blank\">Versandkosten<\/a><\/p>\n\n<a href=\"\/CMW\/wp-json\/wp\/v2\/pages\/1885?add-to-cart=1627\" aria-describedby=\"woocommerce_loop_add_to_cart_link_describedby_1627\" data-quantity=\"1\" class=\"button product_type_simple add_to_cart_button ajax_add_to_cart\" data-product_id=\"1627\" data-product_sku=\"5000\" aria-label=\"In den Warenkorb legen: \u201eZetwin USB-Dongle\u201c\" rel=\"nofollow\" data-success_message=\"\u201eZetwin USB-Dongle\u201c wurde deinem Warenkorb hinzugef\u00fcgt\" role=\"button\">In den Warenkorb<\/a>\t<span id=\"woocommerce_loop_add_to_cart_link_describedby_1627\" class=\"screen-reader-text\">\n\t\t\t<\/span>\n    <\/div>\n        <\/div>\n    <\/li>\n\n        \n            <li class=\"col-md-3 col-sm-6 col-xs-12 in-page-section product type-product post-1597 status-publish last outofstock product_cat-software product_cat-hardware product_tag-etiketten product_tag-pruefprotokoll product_tag-zetwin product_tag-brandmeldeanlage product_tag-mzx product_tag-zettler product_tag-zetfas product_tag-inspektion has-post-thumbnail taxable shipping-taxable purchasable product-type-simple has-product-safety-information\">\n\t\n    <div class=\"ope-woo-card-item \">\n    \n    <a href=\"https:\/\/www.kaemsoft.de\/CMW\/produkt\/zetwin-set-4\/\" class=\"woocommerce-LoopProduct-link woocommerce-loop-product__link\">    <div class=\"ope-woo-card-header\">\n    <img loading=\"lazy\" decoding=\"async\" width=\"300\" height=\"300\" src=\"https:\/\/www.kaemsoft.de\/CMW\/wp-content\/uploads\/2018\/11\/Zetwin_Set4_1k_1k-300x300.jpg\" class=\"attachment-woocommerce_thumbnail size-woocommerce_thumbnail\" alt=\"Zetwin Set 4\" srcset=\"https:\/\/www.kaemsoft.de\/CMW\/wp-content\/uploads\/2018\/11\/Zetwin_Set4_1k_1k-300x300.jpg 300w, https:\/\/www.kaemsoft.de\/CMW\/wp-content\/uploads\/2018\/11\/Zetwin_Set4_1k_1k-150x150.jpg 150w, https:\/\/www.kaemsoft.de\/CMW\/wp-content\/uploads\/2018\/11\/Zetwin_Set4_1k_1k-768x768.jpg 768w, https:\/\/www.kaemsoft.de\/CMW\/wp-content\/uploads\/2018\/11\/Zetwin_Set4_1k_1k-100x100.jpg 100w, https:\/\/www.kaemsoft.de\/CMW\/wp-content\/uploads\/2018\/11\/Zetwin_Set4_1k_1k.jpg 1000w\" sizes=\"auto, (max-width: 300px) 100vw, 300px\" \/>    <\/div>\n        <div class=\"ope-woo-card-content\">\n        <div class=\"ope-woo-card-content-section ope-woo-card-content-title\">\n        <h3 class=\"ope-card-product-tile\">Zetwin Set 4<\/h3>\n    <\/div>\n        <div class=\"ope-woo-card-content-section ope-woo-card-content-rating\">\n            <\/div>\n    \n        <div class=\"ope-woo-card-content-section ope-woo-card-content-price\">\n        \n\t<span class=\"price\"><span class=\"woocommerce-Price-amount amount\"><bdi>129,90&nbsp;<span class=\"woocommerce-Price-currencySymbol\">&euro;<\/span><\/bdi><\/span><\/span>\n    <\/div>\n        <div class=\"ope-woo-card-content-section ope-woo-card-content-categories\">\n        <a href=\"https:\/\/www.kaemsoft.de\/CMW\/produkt-kategorie\/produkte\/software\/\" rel=\"tag\">Software<\/a>, <a href=\"https:\/\/www.kaemsoft.de\/CMW\/produkt-kategorie\/produkte\/hardware\/\" rel=\"tag\">Hardware<\/a>    <\/div>\n        <\/div>\n    \n\n\n    <div class=\"ope-woo-card-footer\">\n    \n    <\/a>\n\t<p class=\"wc-gzd-additional-info wc-gzd-additional-info-loop tax-info\">inkl. 19 % MwSt.<\/p>\n\n\t<p class=\"wc-gzd-additional-info wc-gzd-additional-info-loop shipping-costs-info\">zzgl. <a href=\"https:\/\/www.kaemsoft.de\/CMW\/versandarten\/\" target=\"_blank\">Versandkosten<\/a><\/p>\n\n<a href=\"https:\/\/www.kaemsoft.de\/CMW\/produkt\/zetwin-set-4\/\" aria-describedby=\"woocommerce_loop_add_to_cart_link_describedby_1597\" data-quantity=\"1\" class=\"button product_type_simple\" data-product_id=\"1597\" data-product_sku=\"2004\" aria-label=\"Lese mehr \u00fcber &#8222;Zetwin Set 4&#8220;\" rel=\"nofollow\" data-success_message=\"\">Weiterlesen<\/a>\t<span id=\"woocommerce_loop_add_to_cart_link_describedby_1597\" class=\"screen-reader-text\">\n\t\t\t<\/span>\n    <\/div>\n        <\/div>\n    <\/li>\n\n        \n        <\/ul>\n\n        \n        <\/div><\/div><\/div> <div  class=\"row\"><div  class=\"text-center\"> <a  class=\"button color1\" data-attr-shortcode=\"href:mesmerize_woocommerce_shop_url\" href=\"https:\/\/www.kaemsoft.de\/CMW\/shop\/\" data-icon=\"\">Alle Produkte<\/a><\/div> <\/div><\/div><\/div>","protected":false},"excerpt":{"rendered":"<p>Zetwin 5.0.26D Korrekturen\/Neues: \u2013 Ereignisspeicher Import verbessert \u2013 Darstellung Ringleitung verbessert \u2013 Etiketten Editor erweitert \u2013 Dateikompatibilit\u00e4t verbessert &#8211; Insepektionsprotokoll korrigiert Download (Setup) Zetwin 4.9.2a Korrekturen: -Eintrag \u201ePr\u00fcfung nicht m\u00f6glich\u201c bei Elementen in der Systemmeldergruppe korrigiert Download (nur Exe Datei) Vorabversionen k\u00f6nnen trotz gr\u00f6\u00dfter Sorgfalt noch Fehler enthalten. Die Benutzung und Installation erfolgt daher auf&hellip; <br \/> <a class=\"read-more\" href=\"https:\/\/www.kaemsoft.de\/CMW\/produkt\/zetwin-set-4\/\">Weiterlesen<\/a><\/p>\n","protected":false},"author":1,"featured_media":0,"parent":0,"menu_order":0,"comment_status":"closed","ping_status":"closed","template":"pro\/page-templates\/full-width-page.php","meta":{"footnotes":""},"class_list":["post-1885","page","type-page","status-publish","hentry"],"_links":{"self":[{"href":"https:\/\/www.kaemsoft.de\/CMW\/wp-json\/wp\/v2\/pages\/1885","targetHints":{"allow":["GET"]}}],"collection":[{"href":"https:\/\/www.kaemsoft.de\/CMW\/wp-json\/wp\/v2\/pages"}],"about":[{"href":"https:\/\/www.kaemsoft.de\/CMW\/wp-json\/wp\/v2\/types\/page"}],"author":[{"embeddable":true,"href":"https:\/\/www.kaemsoft.de\/CMW\/wp-json\/wp\/v2\/users\/1"}],"replies":[{"embeddable":true,"href":"https:\/\/www.kaemsoft.de\/CMW\/wp-json\/wp\/v2\/comments?post=1885"}],"version-history":[{"count":69,"href":"https:\/\/www.kaemsoft.de\/CMW\/wp-json\/wp\/v2\/pages\/1885\/revisions"}],"predecessor-version":[{"id":5494,"href":"https:\/\/www.kaemsoft.de\/CMW\/wp-json\/wp\/v2\/pages\/1885\/revisions\/5494"}],"wp:attachment":[{"href":"https:\/\/www.kaemsoft.de\/CMW\/wp-json\/wp\/v2\/media?parent=1885"}],"curies":[{"name":"wp","href":"https:\/\/api.w.org\/{rel}","templated":true}]}}