{"id":1023,"date":"2018-02-09T18:20:09","date_gmt":"2018-02-09T17:20:09","guid":{"rendered":"http:\/\/www.kaemsoft.de\/CMW\/?page_id=1023"},"modified":"2018-02-09T18:59:39","modified_gmt":"2018-02-09T17:59:39","slug":"audio-treiber-installieren","status":"publish","type":"page","link":"https:\/\/www.kaemsoft.de\/CMW\/audio-treiber-installieren\/","title":{"rendered":"Audio Treiber installieren"},"content":{"rendered":"<div data-label=\"Content\" data-id=\"content-8\" data-export-id=\"content-8\" data-category=\"content\" class=\"content-8 content-section content-section-spacing\" id=\"content-20\"  style=\"background-color: rgb(255, 255, 255);\"> <div class=\"gridContainer\" > <div class=\"row middle-sm\" > <div class=\"col-sm-6 space-bottom-xs\" data-type=\"column\" > <p  class=\"\">Um den Sound des PC im Video aufnehmen zu k\u00f6nnen wird ein spezieller Treiber ben\u00f6tigt. Hier zeigen wir Dir, wie Du den Treiber installieren und in Screeny anwenden&nbsp; kannst.<\/p><img decoding=\"async\" class=\"shadow-large\" src=\"https:\/\/www.kaemsoft.de\/CMW\/wp-content\/uploads\/2018\/02\/cropped-CableDriver_1-2.jpg\" > <\/div> <div class=\"col-sm-6\" data-type=\"column\" > <h2 class=\"\" >Audio Treiber Download<\/h2> <p class=\"\" > Lade Dir den Audio Treiber hier herunter:<\/p> <a class=\"button color1\" href=\"https:\/\/www.vb-audio.com\/Cable\/index.htm\"  target=\"_blank\" data-cp-link=\"1\" data-icon=\"\"> Downloadseite <\/a> <p  class=\"\">Entpacke dann die Datei in ein Verzeichnis Deiner Wahl.\n<br >Wechsle in dieses Verzeichnis und klicke mit der rechten Maustaste auf die Datei <span style=\"font-style: italic;\" >VBCABLE_Setup_x64.exe<\/span> wenn Deine Windows Version eine 64bit Version ist. F\u00fcr die 32bit Version f\u00fcre die gleiche Aktion auf die Datei <span style=\"font-style: italic;\" >VBCABLE_Setup.exe<\/span> aus. Welche Windows Version Du benutzt kannst Du in der Windows Systemsteuerung finden.<\/p><\/div> <\/div> <\/div> <\/div><div data-label=\"Content\" data-id=\"content-1\" data-export-id=\"content-8\" data-category=\"content\" class=\"content-8 content-section content-section-spacing\" id=\"content-1\"  style=\"background-color: rgb(245, 250, 253);\"> <div class=\"gridContainer\" > <div class=\"row middle-sm\" > <div class=\"col-sm-6 space-bottom-xs\" data-type=\"column\" > <img decoding=\"async\" class=\"shadow-large\" src=\"https:\/\/www.kaemsoft.de\/CMW\/wp-content\/uploads\/2018\/02\/cropped-CableDriver_2.jpg\" > <\/div> <div class=\"col-sm-6\" data-type=\"column\" > <h2 class=\"\" >Audio Treiber Installation<\/h2> <p class=\"\" > Ist das Setup gestartet, klicke auf &#8222;Install Driver&#8220; und folge den Anweisungen des Setup Programm. Nach erfolgter Installation muss der PC neu gestartet werden.<\/p>  <\/div> <\/div> <\/div> <\/div><div data-label=\"Content\" data-id=\"content-2\" data-export-id=\"content-8\" data-category=\"content\" class=\"content-8 content-section content-section-spacing\" id=\"content-2\"  style=\"background-color: rgb(255, 255, 255);\"> <div class=\"gridContainer\" > <div class=\"row middle-sm\" > <div class=\"col-sm-6 space-bottom-xs\" data-type=\"column\" > <img decoding=\"async\" class=\"shadow-large\" src=\"https:\/\/www.kaemsoft.de\/CMW\/wp-content\/uploads\/2018\/02\/cropped-Cable_Driver4.jpg\" > <img decoding=\"async\"  class=\"custom-image\" src=\"https:\/\/www.kaemsoft.de\/CMW\/wp-content\/uploads\/2018\/02\/cropped-CableDriver5.jpg\"><img decoding=\"async\"  class=\"custom-image\" src=\"https:\/\/www.kaemsoft.de\/CMW\/wp-content\/uploads\/2018\/02\/cropped-Cable_Driver6.jpg\"><img decoding=\"async\"  class=\"custom-image\" src=\"https:\/\/www.kaemsoft.de\/CMW\/wp-content\/uploads\/2018\/02\/cropped-Cable_Driver_7.jpg\"><\/div> <div class=\"col-sm-6\" data-type=\"column\" > <h2 class=\"\" >Audio Treiber in Screeny ausw\u00e4hlen<\/h2> <p class=\"\" > Um den Treiber auszuw\u00e4hlen, wechseln Sie in den Video Modus und klicken Sie auf das kleine Zahnrad um die Videoeinstellungen zu \u00f6ffnen. Wechseln Sie im folgenden Dialog f\u00fcr das Audio Ger\u00e4t den &#8222;CABLE Output&#8220; und best\u00e4tigen Sie mit OK. In den Windows Sound Einstellungen sind ggf. noch weitere Einstellungen n\u00f6tig.<\/p>  <\/div> <\/div> <\/div> <\/div>","protected":false},"excerpt":{"rendered":"<p>Um den Sound des PC im Video aufnehmen zu k\u00f6nnen wird ein spezieller Treiber ben\u00f6tigt. Hier zeigen wir Dir, wie Du den Treiber installieren und in Screeny anwenden&nbsp; kannst. Audio Treiber Download Lade Dir den Audio Treiber hier herunter: Downloadseite Entpacke dann die Datei in ein Verzeichnis Deiner Wahl. Wechsle in dieses Verzeichnis und klicke&hellip; <br \/> <a class=\"read-more\" href=\"https:\/\/www.kaemsoft.de\/CMW\/audio-treiber-installieren\/\">Weiterlesen<\/a><\/p>\n","protected":false},"author":1,"featured_media":0,"parent":0,"menu_order":0,"comment_status":"closed","ping_status":"closed","template":"page-templates\/page-with-left-sidebar.php","meta":{"footnotes":""},"class_list":["post-1023","page","type-page","status-publish","hentry"],"_links":{"self":[{"href":"https:\/\/www.kaemsoft.de\/CMW\/wp-json\/wp\/v2\/pages\/1023","targetHints":{"allow":["GET"]}}],"collection":[{"href":"https:\/\/www.kaemsoft.de\/CMW\/wp-json\/wp\/v2\/pages"}],"about":[{"href":"https:\/\/www.kaemsoft.de\/CMW\/wp-json\/wp\/v2\/types\/page"}],"author":[{"embeddable":true,"href":"https:\/\/www.kaemsoft.de\/CMW\/wp-json\/wp\/v2\/users\/1"}],"replies":[{"embeddable":true,"href":"https:\/\/www.kaemsoft.de\/CMW\/wp-json\/wp\/v2\/comments?post=1023"}],"version-history":[{"count":3,"href":"https:\/\/www.kaemsoft.de\/CMW\/wp-json\/wp\/v2\/pages\/1023\/revisions"}],"predecessor-version":[{"id":1043,"href":"https:\/\/www.kaemsoft.de\/CMW\/wp-json\/wp\/v2\/pages\/1023\/revisions\/1043"}],"wp:attachment":[{"href":"https:\/\/www.kaemsoft.de\/CMW\/wp-json\/wp\/v2\/media?parent=1023"}],"curies":[{"name":"wp","href":"https:\/\/api.w.org\/{rel}","templated":true}]}}